{"id":85,"date":"2025-01-31T16:07:08","date_gmt":"2025-01-31T16:07:08","guid":{"rendered":"https:\/\/bernardcabane.net\/?page_id=85"},"modified":"2025-01-31T16:22:53","modified_gmt":"2025-01-31T16:22:53","slug":"chapitre-10-logements-et-travaux","status":"publish","type":"page","link":"https:\/\/bernardcabane.net\/?page_id=85","title":{"rendered":"12. Logements et travaux."},"content":{"rendered":"\n<h2 class=\"wp-block-heading\"><a><\/a><a><\/a><a><\/a><a><\/a><a><\/a><a>En 1973&nbsp;: studio rue Notre Dame des Champs<\/a><\/h2>\n\n\n\n<p>&nbsp;&nbsp;&nbsp;&nbsp;&nbsp;&nbsp;Revenus de Californie, nous louons un studio dans un immeuble de bon standing rue Notre Dame des Champs. Je ne me souviens pas avoir adress\u00e9 la parole \u00e0 qui que ce soit dans l\u2019immeuble pendant les deux ann\u00e9es o\u00f9 nous y avons habit\u00e9. En semaine, je prends le RER direct pour aller \u00e0 Orsay. Un point fort de ce logement est sa proximit\u00e9 des lignes de bus 58, 68, 82,&nbsp;83 et 91. C\u00e9lie se rend \u00e0 l\u2019\u00e9cole Active Bilingue, rue de la Pompe dans le seizi\u00e8me arrondissement par le bus 82. Son trajet, tr\u00e8s touristique, passe dans les beaux quartiers du 7\u00e8me arrondissement, derri\u00e8re les Invalides, pr\u00e8s de la tour Eiffel et traverse la Seine avant de monter sur la colline de Passy.&nbsp;<\/p>\n\n\n\n<p>&nbsp;&nbsp;&nbsp;&nbsp;&nbsp;&nbsp;C\u00e9lie sympathise facilement avec des inconnus, au hasard des rencontres. Pendant ses longs trajets, C\u00e9lie rencontre une autre am\u00e9ricaine, Barbara Moross, avec qui elle restera amie, malgr\u00e9 la distance lorsque nous d\u00e9m\u00e9nagerons. Elle se lie \u00e9galement avec le d\u00e9taillant de fruits et l\u00e9gumes qui tient avec son fr\u00e8re, l\u2019enseigne \u00ab&nbsp;cours des Halles&nbsp;\u00bb install\u00e9e \u00e0 100 m de chez nous.<\/p>\n\n\n\n<h3 class=\"wp-block-heading\"><a>Le lit \u00e0 eau.<\/a><\/h3>\n\n\n\n<p>Dans cet appartement, nous avons un lit \u00e0 eau, install\u00e9 dans un coin de la grande pi\u00e8ce unique. Ce type de lit est typiquement californien. C\u2019est une grande poche rectangulaire en PVC qu\u2019on maintient dans un cadre et qu\u2019on remplit d\u2019eau jusqu\u2019\u00e0 ce qu\u2019elle s\u2019appuie sur le cadre. Le taux de remplissage d\u00e9termine le comportement de ce matelas d\u2019eau. A trop faible remplissage la poche est tr\u00e8s d\u00e9formable et on bouge comme sur des vagues quand on se retourne. A trop fort taux de remplissage, proche du maximum, la poche ne se d\u00e9forme plus et le lit devient trop dur. Entre ces deux extr\u00eames il existe un optimum de d\u00e9formabilit\u00e9 qui se r\u00e8gle facilement (en ajoutant, ou en \u00e9vacuant un peu d\u2019eau).<\/p>\n\n\n\n<p>C\u2019est C\u00e9lie qui souhaite un tel matelas et je crois qu\u2019il faut vivre en Californie pour appr\u00e9cier ce genre d\u2019invention. En tout cas, ce lit \u00e0 eau n\u2019a pas gu\u00e9ri le mal de dos dont je souffrais \u00e9pisodiquement \u00e0 cette \u00e9poque.<\/p>\n\n\n\n<h2 class=\"wp-block-heading\"><a><\/a><a><\/a><a><\/a><a>1975 &#8211; 1980&nbsp;: deux-pi\u00e8ces rue Campagne premi\u00e8r<\/a>e.<\/h2>\n\n\n\n<p>&nbsp;&nbsp;&nbsp;&nbsp;&nbsp;&nbsp;En 1975 nous quittons le studio de la rue Notre Dame des Champs pour aller dans un petit deux pi\u00e8ces situ\u00e9 rue Campagne premi\u00e8re, dans le 14<sup>\u00e8me<\/sup>&nbsp;arrondissement. Pour y acc\u00e9der, il faut ouvrir la grille d\u2019entr\u00e9e, passer devant le logis de la concierge et emprunter une all\u00e9e longue de trente m\u00e8tres, qui m\u00e8ne \u00e0 une cour o\u00f9 se trouvent deux arbres et que bordent deux petits immeubles de quatre \u00e9tages. A partir de l\u00e0, il faut rassembler ses forces pour monter au quatri\u00e8me et dernier \u00e9tage sans ascenseur.&nbsp;<\/p>\n\n\n\n<p>&nbsp;&nbsp;&nbsp;&nbsp;&nbsp;&nbsp;Ce long trajet m\u00e9nage une transition douce entre le monde de la rue et le chez-soi, bien plus plaisante que l\u2019entr\u00e9e du logement pr\u00e9c\u00e9dent.&nbsp;<\/p>\n\n\n\n<p>Cette configuration nous permet de rencontrer un de nos voisins, Horst, un Allemand passionn\u00e9 de jardinage. Son deux pi\u00e8ces d\u00e9borde de fleurs par toutes les fen\u00eatres et il a m\u00eame fait une ouverture dans son plafond afin que des plantes puissent passer par le toit et b\u00e9n\u00e9ficier de la luminosit\u00e9 ext\u00e9rieure.&nbsp;<\/p>\n\n\n\n<h2 class=\"wp-block-heading\"><a><\/a><a><\/a><a><\/a><a>1980. Acheter un logement&nbsp;:&nbsp;&nbsp;comment choisir&nbsp;?<\/a><\/h2>\n\n\n\n<p>&nbsp;&nbsp;&nbsp;&nbsp;&nbsp;En 1980 nos \u00e9conomies sont devenues suffisantes pour passer de la location \u00e0 l\u2019achat d\u2019un appartement. Nous en visitons une cinquantaine et je me demande&nbsp;comment les comparer et comment \u00e9viter de se faire pi\u00e9ger par un \u00ab&nbsp;coup de c\u0153ur&nbsp;\u00bb pour un appartement qui a du charme mais un gros d\u00e9faut.<\/p>\n\n\n\n<p>&nbsp;&nbsp;&nbsp;&nbsp;&nbsp;&nbsp;En bon scientifique, je me dis que je pourrais cr\u00e9er un mod\u00e8le quantitatif qui permette d\u2019appr\u00e9cier objectivement les qualit\u00e9s d\u2019un appartement selon diff\u00e9rents crit\u00e8res, que nous allons choisir.<\/p>\n\n\n\n<p>Par exemple, on peut choisir comme crit\u00e8re l\u2019absence de bruit et le noter de 0 (bruit pr\u00e8s d\u2019un grand carrefour) \u00e0 5 (aucun bruit).&nbsp;<\/p>\n\n\n\n<p>On peut ensuite faire de m\u00eame pour tous les crit\u00e8res importants, toutes les qualit\u00e9s que nous voudrions pour notre appartement.&nbsp;<\/p>\n\n\n\n<p>&nbsp;&nbsp;&nbsp;&nbsp;&nbsp;&nbsp;Nous notons ainsi sa surface, son nombre de pi\u00e8ces, la pr\u00e9sence d\u2019un ascenseur, l\u2019ensoleillement, la vue, mais aussi des crit\u00e8res comme la proximit\u00e9 des \u00e9coles et leur qualit\u00e9 (note de 5\/5 si c\u2019est une \u00c9cole Alsacienne), le trafic automobile dans la rue (note maximale si la rue est pi\u00e9tonne), la proximit\u00e9 d\u2019un espace vert ou de la pr\u00e9sence d\u2019arbres. Les crit\u00e8res not\u00e9s sur une \u00e9chelle de 1 \u00e0 5 sont ensuite pond\u00e9r\u00e9s par coefficient&nbsp;d\u2019importance, de 0 \u00e0 5.&nbsp;&nbsp;<\/p>\n\n\n\n<p>Je peux ainsi calculer l\u2019indice de qualit\u00e9 de chaque logement, les comparer entre eux ou \u00e0 un logement id\u00e9al. Je peux \u00e9galement r\u00e9p\u00e9ter ce calcul pour tous les logements, et diviser chaque indice par le prix demand\u00e9. J\u2019obtiens ainsi un tableau des rapports qualit\u00e9\/prix des logements visit\u00e9s.<\/p>\n\n\n\n<h2 class=\"wp-block-heading\"><a><\/a><a><\/a><a><\/a><a>Rue Daguerre et maisonnette<\/a>.<\/h2>\n\n\n\n<p>&nbsp;Le rapport qualit\u00e9-prix de l\u2019appartement situ\u00e9 au 14, rue Daguerre surclasse ceux de tous les autres biens visit\u00e9s et nous convient tr\u00e8s bien. La rue est pi\u00e9tonne sur cette section. Pour les transports, je peux prendre le RER \u00e0 la station Denfert-Rochereau et C\u00e9lie peut marcher jusqu\u2019\u00e0 l\u2019\u00c9cole Aujourd\u2019hui par le boulevard Edgar Quinet. Mais la distribution de l\u2019appartement pourrait \u00eatre meilleure et les pi\u00e8ces donnant sur cour sont tristes.&nbsp;<\/p>\n\n\n\n<p>Dans une premi\u00e8re phase nous faisons installer une chaudi\u00e8re \u00e0 gaz \u00e0 la place des WC&nbsp;et nous faisons casser les cloisons de la premi\u00e8re chambre sur cour afin de cr\u00e9er une cuisine-salle \u00e0 manger ouverte sur le salon. Apr\u00e8s quatre mois de travaux, l\u2019appartement est habitable.<\/p>\n\n\n\n<p>Dans une seconde phase, nous d\u00e9dions le premier salon aux activit\u00e9s de C\u00e9lie et nous cachons un grand lit escamotable dans le mur du deuxi\u00e8me salon o\u00f9 C\u00e9lie et moi couchons dor\u00e9navant. Alice r\u00e9cup\u00e8re la petite chambre au bout du couloir, dans laquelle le lit est mont\u00e9 sur une estrade sous laquelle elle a un espace d\u00e9tente.<\/p>\n\n\n\n<p>&nbsp;&nbsp;&nbsp;&nbsp;&nbsp;Il y a une fen\u00eatre dans le couloir qui se situe \u00e0 deux m\u00e8tres de haut. Je trouve cela frustrant et m\u00eame insupportable car il y aurait une vue et de la lumi\u00e8re de l\u2019ext\u00e9rieur mais nous en sommes priv\u00e9s.<\/p>\n\n\n\n<p>La lumi\u00e8re qui passe par la fen\u00eatre, traverse le couloir puis la pi\u00e8ce mais en hauteur.&nbsp;<\/p>\n\n\n\n<p>J\u2019imagine donc de construire une petite maisonnette dans notre appartement. Elle sera \u00e0 deux niveaux, associ\u00e9e \u00e0 une tour.&nbsp;<\/p>\n\n\n\n<p>Cette maison dans la maison, que je construis avec mon fr\u00e8re Jean en trois week-ends, poss\u00e8de un RDC, o\u00f9 il y a seulement un matelas, et un \u00e9tage o\u00f9 se trouve le lit principal. Contigu \u00e0 la tour&nbsp;; il est accessible par un escalier en spirale qui exploite les recoins de l\u2019ancienne cuisine.&nbsp;<\/p>\n\n\n\n<p>Au premier \u00e9tage, on peut b\u00e9n\u00e9ficier des rayons lumineux et de la vue sur l\u2019ext\u00e9rieur.<\/p>\n\n\n\n<p>Les enfants peuvent descendre de l\u2019\u00e9tage par un toboggan jusqu\u2019\u00e0 ce que nous l\u2019enlevions lorsque Guillaume est devenu trop grand pour l\u2019utiliser.&nbsp;<\/p>\n\n\n\n<p>Elle n\u2019avance que de cinq centim\u00e8tres sur le couloir, ce qui ne g\u00eane pas nos d\u00e9placements&nbsp;(il suffit de ne pas se croiser \u00e0 cet endroit).&nbsp;<\/p>\n\n\n\n<figure class=\"wp-block-table\"><table class=\"has-fixed-layout\"><tbody><tr><td><img loading=\"lazy\" decoding=\"async\" width=\"325\" height=\"494\" src=\"blob:https:\/\/bernardcabane.net\/07a75d8b-7fa0-4ed9-b58e-a4b83aaeb953\" alt=\"..\/HISTOIRE%20images\/originaux\/maison%20poupee.jpeg\"><\/td><\/tr><tr><td>Alice est dans la maison de poup\u00e9e<\/td><\/tr><\/tbody><\/table><\/figure>\n\n\n\n<p>&nbsp;&nbsp;&nbsp;&nbsp;&nbsp;&nbsp;Dans l\u2019immeuble, nos voisins du dessous s\u2019appellent Mike et Sylvie Taverna. Un de leurs enfants, Nicolas, est d\u2019\u00e2ge proche de notre fils Guillaume et ils jouent beaucoup ensemble.&nbsp;<\/p>\n\n\n\n<p>Nos voisins \u00e0 l\u2019\u00e9tage sup\u00e9rieur sont Jean et Julie Fabiani. Lui, est commissaire de police et elle, institutrice. Ils se sont rencontr\u00e9s en Corse, leurs familles \u00e9tant issues du m\u00eame village.&nbsp;<\/p>\n\n\n\n<p>&nbsp;&nbsp;&nbsp;&nbsp;&nbsp;&nbsp;En 1990, l\u2019avenue du G\u00e9n\u00e9ral Leclerc est class\u00e9e \u00ab&nbsp;axe rouge&nbsp;\u00bb, ce qui signifie que tout stationnement, m\u00eame temporaire, y est interdit.&nbsp;<\/p>\n\n\n\n<p>En cons\u00e9quence, il n\u2019y a plus trois, mais cinq voies de circulation, le bruit et la pollution augmentent. Les jours de semaine les capteurs d\u2019AirParis mesurent des concentrations \u00e9lev\u00e9es d\u2019oxydes d\u2019azote et de petites particules. On ressent aussi un manque d\u2019air frais.&nbsp;<\/p>\n\n\n\n<p>Nous d\u00e9cidons alors de rechercher un quartier plus tranquille.<\/p>\n\n\n\n<h2 class=\"wp-block-heading\"><a><\/a><a><\/a><a><\/a><a>1995&nbsp;: notre dernier appartement, au 3 rue Vauquelin<\/a>&nbsp;(5<sup>e<\/sup>&nbsp;arr.)<\/h2>\n\n\n\n<p>&nbsp;&nbsp;&nbsp;&nbsp;&nbsp;&nbsp;Nous sommes donc de nouveau \u00e0 la recherche d\u2019un appartement et l\u2019agent qui va permettre de trouver notre bonheur, est un marchand de chaussures de l\u2019avenue des Gobelins, que C\u00e9lie connait bien. C\u2019est dans sa boutique qu\u2019elle trouve l\u2019annonce de mise en vente du 90 m<sup>2<\/sup>&nbsp;au 3 rue Vauquelin dans le 5<sup>\u00e8me<\/sup>arrondissement. La vente fait suite au d\u00e9c\u00e8s d\u2019H\u00e9l\u00e8ne Solomon-Langevin, qui pendant la 2<sup>\u00e8me<\/sup>&nbsp;guerre mondiale a \u00e9t\u00e9 r\u00e9sistante, rescap\u00e9e des camps d\u2019extermination, et d\u00e9put\u00e9e communiste \u00e0 l\u2019Assembl\u00e9e Nationale.&nbsp;<\/p>\n\n\n\n<p>&nbsp;&nbsp;&nbsp;&nbsp;&nbsp;&nbsp;Il est calme car sa localisation sur la Montagne Sainte Genevi\u00e8ve le met \u00e0 l\u2019abri du trafic automobile.&nbsp;<\/p>\n\n\n\n<p>De plus, il est id\u00e9alement situ\u00e9, juste en face de l\u2019ESPCI, \u00e9cole d\u2019ing\u00e9nieurs et repaire de chercheurs. Je demande donc au CNRS de m\u2019affecter \u00e0 un laboratoire de l\u2019ESPCI, ce qui ram\u00e8ne mon temps de trajet de deux heures de transports en commun \u00e0 deux minutes \u00e0 pied.&nbsp;<\/p>\n\n\n\n<p>&nbsp;&nbsp;&nbsp;&nbsp;&nbsp;&nbsp;Mais cet appartement est dans un \u00e9tat calamiteux&nbsp;: il n\u2019a pas \u00e9t\u00e9 r\u00e9nov\u00e9 depuis la construction de l\u2019immeuble en 1891 n\u00e9cessite de gros travaux pour \u00eatre vivable.<\/p>\n\n\n\n<p>Je compte seize portes pour cinq pi\u00e8ces, chaque chambre ayant acc\u00e8s \u00e0 des petits r\u00e9duits attenants qui servaient \u00e0 faire sa toilette (sans douche).&nbsp;<\/p>\n\n\n\n<p>Dans chaque pi\u00e8ce il y a une chemin\u00e9e en marbre reli\u00e9e \u00e0 un conduit d\u00e9bouchant sur le toit mais dans lesquelles il ne faut pas faire de feu.<\/p>\n\n\n\n<p>Un soir d\u2019hiver o\u00f9 elle a besoin de chaleur et de r\u00e9confort, C\u00e9lie fait cependant un feu de bois dans celle du salon. Le feu brule bien mais la suie accumul\u00e9e dans le conduit pendant de nombreuses ann\u00e9es sans ramonage s\u2019enflamme.&nbsp;<\/p>\n\n\n\n<p>Ce sont les voisins qui nous alertent qu\u2019il y a le feu chez nous, que nous parvenons heureusement \u00e0 \u00e9teindre avec de l\u2019eau.<\/p>\n\n\n\n<p>&nbsp;&nbsp;&nbsp;&nbsp;&nbsp;&nbsp;&nbsp;Le chauffage semble avoir \u00e9t\u00e9 un probl\u00e8me pour les habitants de cet appartement. Je trouve en effet des vestiges d\u2019un chauffage collectif avec un local en cave pour une chaudi\u00e8re et des bouches sur les paliers des \u00e9tages, pour souffler de l\u2019air chaud dans les parties communes. Dans un des placards, C\u00e9lie trouve un empilement de briques en fonte qui pourraient avoir \u00e9t\u00e9 utilis\u00e9es pour accumuler de la chaleur. Certains murs sont couverts par des feuilles de journaux, dans une tentative d\u2019isolation thermique. A l\u2019\u00e9vidence, les occupants qui se sont succ\u00e9d\u00e9 ont eu froid. La situation thermique a maintenant chang\u00e9, il ne fait plus froid \u00e0 Paris et nos isolations thermiques sont bien meilleures (principalement gr\u00e2ce aux double vitrages).<\/p>\n\n\n\n<p>&nbsp;&nbsp;&nbsp;&nbsp;&nbsp;Pour rendre cet appartement habitable selon notre style de vie, il faut faire de gros travaux. Et pour concevoir, conduire et r\u00e9aliser ces travaux, il faut un architecte et des entrepreneurs. Dans le cas de la r\u00e9novation compl\u00e8te d\u2019une r\u00e9sidence principale, la mission de l\u2019architecte est quasiment impossible. Au d\u00e9but du projet de r\u00e9novation, on remet tout en question y compris la destination des surfaces disponibles. A ce stade, nous attendons de l\u2019architecte qu\u2019il fasse des projets comportant des options tr\u00e8s diff\u00e9rentes et qu\u2019il nous aide \u00e0 visualiser des formes et des volumes \u00e0 3 dimensions&nbsp;: c\u2019est l\u2019architecte visionnaire. Ensuite les travaux commencent et l\u2019entreprise interpr\u00e8te \u00e0&nbsp;sa mani\u00e8re les plans et les consignes de l\u2019architecte, on a besoin de l\u2019architecte r\u00e9alisateur. Enfin les travaux se terminent, et on d\u00e9couvre plein de d\u00e9tails importants que les entreprises n&#8217;ont pas voulu r\u00e9gler. C\u2019est l\u2019architecte gestionnaire qui doit assurer que ces finitions sont bien prises en charge. Mais les sous-personnalit\u00e9s visionnaire, r\u00e9alisateur et gestionnaire sont peu compatibles entre elles et c\u2019est un vrai challenge de trouver un architecte qui combine les trois.<\/p>\n\n\n\n<p>Dans tous les appartements o\u00f9 nous avons habit\u00e9, la petite taille de la cuisine \u00e9tait un probl\u00e8me. Dans l\u2019appartement de la rue Vauquelin la cuisine d\u2019origine fait moins de 6&nbsp;m<sup>2<\/sup>, nous l\u2019agrandissons \u00e0 10<sup>&nbsp;<\/sup>m<sup>2&nbsp;<\/sup>en grignotant les espaces contigus. Il faut y caser la chaudi\u00e8re, le r\u00e9frig\u00e9rateur-cong\u00e9lateur, les plaques \u00e0 induction, l\u2019\u00e9vier-\u00e9gouttoir, le lave-vaisselle, le lave-linge s\u00e9chant, le four et une petite table. Les vendeurs d\u2019\u00e9l\u00e9ments de cuisine ne savent pas installer une cuisine dans un espace aussi exigu. Un premier vendeur prend des mesures trop impr\u00e9cises et commande des \u00e9l\u00e9ments qu\u2019on ne peut pas faire rentrer parce qu\u2019ils ont quelques centim\u00e8tres de trop. Finalement nous prenons nos propres mesures et nous profitons d\u2019un long voyage ferroviaire en Norv\u00e8ge pour faire un plan qui positionne tous les \u00e9l\u00e9ments avec une pr\u00e9cision millim\u00e9trique. Rentr\u00e9s en France, nous trouvons des artisans de la banlieue sud (menuisier, marbrier, plombier et \u00e9lectricien) qui nous font du \u00ab&nbsp;sur mesure&nbsp;\u00bb \u00e0 partir du plan \u00e9labor\u00e9 dans le train norv\u00e9gien et de mesures prises sur place. Le r\u00e9sultat est une cuisine fonctionnelle et compacte, dans laquelle la personne qui cuisine est \u00e0 port\u00e9e de main de tous ses instruments, et ensuite (pas en m\u00eame temps) deux personnes peuvent manger ensemble.<\/p>\n\n\n\n<p>Une des derni\u00e8res \u00e9tapes dans la r\u00e9novation de cet appartement a \u00e9t\u00e9 la construction d\u2019un ascenseur dans la cage d\u2019escalier. Au d\u00e9part il y a une demande de C\u00e9lie qui dit qu\u2019elle ne peut pas monter des sacs de courses de la rue Mouffetard \u00e0 la rue Vauquelin et puis les monter jusqu\u2019au 5<sup>\u00e8me<\/sup>&nbsp;\u00e9tage.&nbsp;&nbsp;Dans notre rue, toutes les copropri\u00e9t\u00e9s qui pouvaient installer un ascenseur l\u2019ont fait. Le probl\u00e8me est que l\u2019espace non occup\u00e9 au centre de la spirale de l\u2019escalier est parfois trop petit pour y mettre un ascenseur standard. C\u00e9lie contacte les fabricants pour savoir si ce projet est r\u00e9aliste. Deux des fabricants proposent des cabines de formes classiques mais tr\u00e8s petites. Le troisi\u00e8me (NSA) propose une cabine dont le sol a pris la forme d\u2019un octogone irr\u00e9gulier. Je suppose que le bureau d\u2019\u00e9tudes s\u2019est fait plaisir en dessinant cette cabine. Elle est plus spacieuse que les cabines de formes classiques (sol = carr\u00e9 ou rectangle), elle transporte jusqu\u2019\u00e0&nbsp;3 personnes, et elle est vitr\u00e9e sur toutes ses faces.<\/p>\n\n\n\n<p>&nbsp;&nbsp;&nbsp;&nbsp;&nbsp;&nbsp;Mais la proposition d\u2019investir dans un ascenseur est rejet\u00e9e par les copropri\u00e9taires. C\u00e9lie et moi demandons alors l\u2019accord des copropri\u00e9taires pout installer \u00e0 nos frais un ascenseur privatif dans les parties communes de la copropri\u00e9t\u00e9. Cette demande est \u00e9galement rejet\u00e9e. Nous faisons alors appel \u00e0 un avocat qui fait comprendre aux copropri\u00e9taires qu\u2019ils ne peuvent s\u2019opposer \u00e0 une am\u00e9lioration de l\u2019habitat. S\u2019il y a un proc\u00e8s, ils le perdront. La construction peut alors commencer. L\u2019\u00e9tape spectaculaire est celle dans laquelle, apr\u00e8s avoir rogn\u00e9 les marches de l\u2019escalier, on met en place le \u00ab&nbsp;pyl\u00f4ne&nbsp;\u00bb de l\u2019ascenseur. Les essais ont lieu 1 mois plus tard, ils sont satisfaisants. Plusieurs copropri\u00e9taires expriment alors leur souhait d\u2019utiliser cet ascenseur&nbsp;; ils nous rach\u00e8tent leur quote-part de l\u2019investissement initial et s\u2019engagent \u00e0 nous rembourser leur quote-part des frais d\u2019usage et d\u2019entretien. Ce club des utilisateurs fonctionne de mani\u00e8re informelle depuis plusieurs ann\u00e9es, il regroupe maintenant tous les copropri\u00e9taires sauf un. Un autre utilisateur me remplace d\u00e9sormais pour la r\u00e9partition des frais d\u2019usage et d\u2019entretien.<\/p>\n\n\n\n<figure class=\"wp-block-table\"><table class=\"has-fixed-layout\"><tbody><tr><td>\u00a0<img loading=\"lazy\" decoding=\"async\" width=\"188\" height=\"251\" src=\"blob:https:\/\/bernardcabane.net\/7c348972-62b5-4a48-a84b-2cd133498d2d\" alt=\"..\/Pictures\/Photos%20Library.photoslibrary\/resources\/derivatives\/E\/E8C4819B-8AFF-47EF-9DAD-C2D47A88D8D0_1_105_c.jpeg\"><br>Sur le Pont Alexandre III\u00a0<\/td><td><img loading=\"lazy\" decoding=\"async\" width=\"195\" height=\"304\" src=\"blob:https:\/\/bernardcabane.net\/03241b98-1c99-4c1f-9595-aa1741281c2c\" alt=\"..\/Documents\/FORMULATION\/rapports%20courrier%20divers%20personnel\/rue%20de%20l'Arbalete%20avec%20masques\/confinement%20rue%20de%20l'Arba\"><br>Au croisement Mouffetard &#8211; Arbal\u00e8tePremi\u00e8re vague de COVID.\u00a0Nous avons choisi de porter de vrais masques.\u00a0\u00a0<\/td><\/tr><\/tbody><\/table><\/figure>\n\n\n\n<p>C\u2019est le d\u00e9but de l\u2019\u00e9pid\u00e9mie de COVID. Les Parisiens d\u00e9couvrent la vie sociale avec un masque. D\u2019o\u00f9 C\u00e9lie avait-elle extrait ces masques de guerre qui fonctionnaient avec des cartouches filtrantes&nbsp;? Cela semblait s\u00e9rieux.<\/p>\n","protected":false},"excerpt":{"rendered":"<p>En 1973&nbsp;: studio rue Notre Dame des Champs &nbsp;&nbsp;&nbsp;&nbsp;&nbsp;&nbsp;Revenus de Californie, nous louons un studio dans un immeuble de bon standing rue Notre Dame des Champs. Je ne me souviens pas avoir adress\u00e9 la parole \u00e0 qui que ce soit dans l\u2019immeuble pendant les deux ann\u00e9es o\u00f9 nous y avons habit\u00e9. En semaine, je prends [&hellip;]<\/p>\n","protected":false},"author":3,"featured_media":0,"parent":0,"menu_order":0,"comment_status":"closed","ping_status":"closed","template":"","meta":{"footnotes":""},"class_list":["post-85","page","type-page","status-publish","hentry"],"_links":{"self":[{"href":"https:\/\/bernardcabane.net\/index.php?rest_route=\/wp\/v2\/pages\/85","targetHints":{"allow":["GET"]}}],"collection":[{"href":"https:\/\/bernardcabane.net\/index.php?rest_route=\/wp\/v2\/pages"}],"about":[{"href":"https:\/\/bernardcabane.net\/index.php?rest_route=\/wp\/v2\/types\/page"}],"author":[{"embeddable":true,"href":"https:\/\/bernardcabane.net\/index.php?rest_route=\/wp\/v2\/users\/3"}],"replies":[{"embeddable":true,"href":"https:\/\/bernardcabane.net\/index.php?rest_route=%2Fwp%2Fv2%2Fcomments&post=85"}],"version-history":[{"count":2,"href":"https:\/\/bernardcabane.net\/index.php?rest_route=\/wp\/v2\/pages\/85\/revisions"}],"predecessor-version":[{"id":110,"href":"https:\/\/bernardcabane.net\/index.php?rest_route=\/wp\/v2\/pages\/85\/revisions\/110"}],"wp:attachment":[{"href":"https:\/\/bernardcabane.net\/index.php?rest_route=%2Fwp%2Fv2%2Fmedia&parent=85"}],"curies":[{"name":"wp","href":"https:\/\/api.w.org\/{rel}","templated":true}]}}