{"id":292,"date":"2025-03-10T16:09:24","date_gmt":"2025-03-10T16:09:24","guid":{"rendered":"https:\/\/bernardcabane.net\/?page_id=292"},"modified":"2025-03-10T16:09:24","modified_gmt":"2025-03-10T16:09:24","slug":"photos-du-salcantay","status":"publish","type":"page","link":"https:\/\/bernardcabane.net\/?page_id=292","title":{"rendered":"Photos du Salcantay"},"content":{"rendered":"\n<p>1970 : le march\u00e9 \u00e0 Cuzco. Choisissez votre poterie ! Les objets sont pos\u00e9s \u00e0 m\u00eame le sol. <\/p>\n\n\n\n<figure class=\"wp-block-image size-full\"><img loading=\"lazy\" decoding=\"async\" width=\"920\" height=\"621\" src=\"https:\/\/bernardcabane.net\/wp-content\/uploads\/2025\/03\/par-terre-au-marche-1-1.jpeg\" alt=\"\" class=\"wp-image-296\" srcset=\"https:\/\/bernardcabane.net\/wp-content\/uploads\/2025\/03\/par-terre-au-marche-1-1.jpeg 920w, https:\/\/bernardcabane.net\/wp-content\/uploads\/2025\/03\/par-terre-au-marche-1-1-300x203.jpeg 300w, https:\/\/bernardcabane.net\/wp-content\/uploads\/2025\/03\/par-terre-au-marche-1-1-768x518.jpeg 768w\" sizes=\"auto, (max-width: 920px) 100vw, 920px\" \/><\/figure>\n\n\n\n<p>March\u00e9 de Cuzco : fruits et l\u00e9gumes.<\/p>\n\n\n\n<figure class=\"wp-block-image size-full\"><img loading=\"lazy\" decoding=\"async\" width=\"618\" height=\"683\" src=\"https:\/\/bernardcabane.net\/wp-content\/uploads\/2025\/03\/Au-marche-a-Cuzco-2-1.jpeg\" alt=\"\" class=\"wp-image-297\" srcset=\"https:\/\/bernardcabane.net\/wp-content\/uploads\/2025\/03\/Au-marche-a-Cuzco-2-1.jpeg 618w, https:\/\/bernardcabane.net\/wp-content\/uploads\/2025\/03\/Au-marche-a-Cuzco-2-1-271x300.jpeg 271w\" sizes=\"auto, (max-width: 618px) 100vw, 618px\" \/><\/figure>\n\n\n\n<p>50 kg sur le dos de mat\u00e9riel \u00e0 rapatrier du Salcantay \u00e0 Sisaypampa <\/p>\n\n\n\n<figure class=\"wp-block-image size-large\"><img loading=\"lazy\" decoding=\"async\" width=\"724\" height=\"1024\" src=\"https:\/\/bernardcabane.net\/wp-content\/uploads\/2025\/03\/50kg-surledos-724x1024.jpeg\" alt=\"\" class=\"wp-image-298\" srcset=\"https:\/\/bernardcabane.net\/wp-content\/uploads\/2025\/03\/50kg-surledos-724x1024.jpeg 724w, https:\/\/bernardcabane.net\/wp-content\/uploads\/2025\/03\/50kg-surledos-212x300.jpeg 212w, https:\/\/bernardcabane.net\/wp-content\/uploads\/2025\/03\/50kg-surledos-768x1086.jpeg 768w, https:\/\/bernardcabane.net\/wp-content\/uploads\/2025\/03\/50kg-surledos.jpeg 827w\" sizes=\"auto, (max-width: 724px) 100vw, 724px\" \/><\/figure>\n\n\n\n<p>Sortie de la voie Terray (Salcantay) 1970<\/p>\n\n\n\n<figure class=\"wp-block-image size-full\"><img loading=\"lazy\" decoding=\"async\" width=\"698\" height=\"937\" src=\"https:\/\/bernardcabane.net\/wp-content\/uploads\/2025\/03\/sortievoieterray9.jpeg\" alt=\"\" class=\"wp-image-299\" srcset=\"https:\/\/bernardcabane.net\/wp-content\/uploads\/2025\/03\/sortievoieterray9.jpeg 698w, https:\/\/bernardcabane.net\/wp-content\/uploads\/2025\/03\/sortievoieterray9-223x300.jpeg 223w\" sizes=\"auto, (max-width: 698px) 100vw, 698px\" \/><\/figure>\n","protected":false},"excerpt":{"rendered":"<p>1970 : le march\u00e9 \u00e0 Cuzco. Choisissez votre poterie ! Les objets sont pos\u00e9s \u00e0 m\u00eame le sol. March\u00e9 de Cuzco : fruits et l\u00e9gumes. 50 kg sur le dos de mat\u00e9riel \u00e0 rapatrier du Salcantay \u00e0 Sisaypampa Sortie de la voie Terray (Salcantay) 1970<\/p>\n","protected":false},"author":2,"featured_media":0,"parent":0,"menu_order":0,"comment_status":"closed","ping_status":"closed","template":"","meta":{"footnotes":""},"class_list":["post-292","page","type-page","status-publish","hentry"],"_links":{"self":[{"href":"https:\/\/bernardcabane.net\/index.php?rest_route=\/wp\/v2\/pages\/292","targetHints":{"allow":["GET"]}}],"collection":[{"href":"https:\/\/bernardcabane.net\/index.php?rest_route=\/wp\/v2\/pages"}],"about":[{"href":"https:\/\/bernardcabane.net\/index.php?rest_route=\/wp\/v2\/types\/page"}],"author":[{"embeddable":true,"href":"https:\/\/bernardcabane.net\/index.php?rest_route=\/wp\/v2\/users\/2"}],"replies":[{"embeddable":true,"href":"https:\/\/bernardcabane.net\/index.php?rest_route=%2Fwp%2Fv2%2Fcomments&post=292"}],"version-history":[{"count":1,"href":"https:\/\/bernardcabane.net\/index.php?rest_route=\/wp\/v2\/pages\/292\/revisions"}],"predecessor-version":[{"id":300,"href":"https:\/\/bernardcabane.net\/index.php?rest_route=\/wp\/v2\/pages\/292\/revisions\/300"}],"wp:attachment":[{"href":"https:\/\/bernardcabane.net\/index.php?rest_route=%2Fwp%2Fv2%2Fmedia&parent=292"}],"curies":[{"name":"wp","href":"https:\/\/api.w.org\/{rel}","templated":true}]}}