{"id":205,"date":"2025-02-11T16:16:21","date_gmt":"2025-02-11T16:16:21","guid":{"rendered":"https:\/\/bernardcabane.net\/?page_id=205"},"modified":"2025-03-10T16:16:45","modified_gmt":"2025-03-10T16:16:45","slug":"portraits-et-photos-de-celie","status":"publish","type":"page","link":"https:\/\/bernardcabane.net\/?page_id=205","title":{"rendered":"Photos et portraits de C\u00e9lie"},"content":{"rendered":"\n<figure class=\"wp-block-image size-large\"><img loading=\"lazy\" decoding=\"async\" width=\"704\" height=\"1024\" src=\"https:\/\/bernardcabane.net\/wp-content\/uploads\/2025\/02\/portrait-Celie-sofa-1-704x1024.jpeg\" alt=\"\" class=\"wp-image-207\" srcset=\"https:\/\/bernardcabane.net\/wp-content\/uploads\/2025\/02\/portrait-Celie-sofa-1-704x1024.jpeg 704w, https:\/\/bernardcabane.net\/wp-content\/uploads\/2025\/02\/portrait-Celie-sofa-1-206x300.jpeg 206w, https:\/\/bernardcabane.net\/wp-content\/uploads\/2025\/02\/portrait-Celie-sofa-1-768x1117.jpeg 768w, https:\/\/bernardcabane.net\/wp-content\/uploads\/2025\/02\/portrait-Celie-sofa-1-1057x1536.jpeg 1057w, https:\/\/bernardcabane.net\/wp-content\/uploads\/2025\/02\/portrait-Celie-sofa-1-1409x2048.jpeg 1409w, https:\/\/bernardcabane.net\/wp-content\/uploads\/2025\/02\/portrait-Celie-sofa-1-scaled.jpeg 1761w\" sizes=\"auto, (max-width: 704px) 100vw, 704px\" \/><\/figure>\n\n\n\n<p>C\u00e9lie sur un sofa. Elle m&#8217;\u00e9voque mes premi\u00e8res impressions sur cette jeune femme que je d\u00e9couvre dans toutes ses diff\u00e9rences. <\/p>\n\n\n\n<figure class=\"wp-block-image size-large\"><img loading=\"lazy\" decoding=\"async\" width=\"697\" height=\"1024\" src=\"https:\/\/bernardcabane.net\/wp-content\/uploads\/2025\/02\/portrait-Celie-no-smile-B-in-bkgd-1-697x1024.jpeg\" alt=\"\" class=\"wp-image-208\" srcset=\"https:\/\/bernardcabane.net\/wp-content\/uploads\/2025\/02\/portrait-Celie-no-smile-B-in-bkgd-1-697x1024.jpeg 697w, https:\/\/bernardcabane.net\/wp-content\/uploads\/2025\/02\/portrait-Celie-no-smile-B-in-bkgd-1-204x300.jpeg 204w, https:\/\/bernardcabane.net\/wp-content\/uploads\/2025\/02\/portrait-Celie-no-smile-B-in-bkgd-1-768x1129.jpeg 768w, https:\/\/bernardcabane.net\/wp-content\/uploads\/2025\/02\/portrait-Celie-no-smile-B-in-bkgd-1-1045x1536.jpeg 1045w, https:\/\/bernardcabane.net\/wp-content\/uploads\/2025\/02\/portrait-Celie-no-smile-B-in-bkgd-1-1393x2048.jpeg 1393w, https:\/\/bernardcabane.net\/wp-content\/uploads\/2025\/02\/portrait-Celie-no-smile-B-in-bkgd-1-scaled.jpeg 1742w\" sizes=\"auto, (max-width: 697px) 100vw, 697px\" \/><\/figure>\n\n\n\n<p>Nous deux \u00e0 nos d\u00e9buts. Photo prise lors d&#8217;une conf\u00e9rence de psychologie. <\/p>\n\n\n\n<div data-wp-interactive=\"core\/file\" class=\"wp-block-file\"><object data-wp-bind--hidden=\"!state.hasPdfPreview\" hidden class=\"wp-block-file__embed\" data=\"https:\/\/bernardcabane.net\/wp-content\/uploads\/2025\/02\/Portrait-Celie-Nevache-1.pdf\" type=\"application\/pdf\" style=\"width:100%;height:600px\" aria-label=\"Embed of Portrait Celie Nevache.\"><\/object><a id=\"wp-block-file--media-18fb9c69-1b86-400b-b9bf-0413d2b31b04\" href=\"https:\/\/bernardcabane.net\/wp-content\/uploads\/2025\/02\/Portrait-Celie-Nevache-1.pdf\">Portrait Celie Nevache<\/a><a href=\"https:\/\/bernardcabane.net\/wp-content\/uploads\/2025\/02\/Portrait-Celie-Nevache-1.pdf\" class=\"wp-block-file__button wp-element-button\" download aria-describedby=\"wp-block-file--media-18fb9c69-1b86-400b-b9bf-0413d2b31b04\">T\u00e9l\u00e9charger<\/a><\/div>\n\n\n\n<p>1975. Ski de fond dans la vall\u00e9e de N\u00e9vache (Brian\u00e7onnais). <\/p>\n\n\n\n<figure class=\"wp-block-image size-large\"><img loading=\"lazy\" decoding=\"async\" width=\"1024\" height=\"983\" src=\"https:\/\/bernardcabane.net\/wp-content\/uploads\/2025\/02\/portrait-Celie-mur-orig-1-1024x983.jpeg\" alt=\"\" class=\"wp-image-210\" srcset=\"https:\/\/bernardcabane.net\/wp-content\/uploads\/2025\/02\/portrait-Celie-mur-orig-1-1024x983.jpeg 1024w, https:\/\/bernardcabane.net\/wp-content\/uploads\/2025\/02\/portrait-Celie-mur-orig-1-300x288.jpeg 300w, https:\/\/bernardcabane.net\/wp-content\/uploads\/2025\/02\/portrait-Celie-mur-orig-1-768x737.jpeg 768w, https:\/\/bernardcabane.net\/wp-content\/uploads\/2025\/02\/portrait-Celie-mur-orig-1-1536x1475.jpeg 1536w, https:\/\/bernardcabane.net\/wp-content\/uploads\/2025\/02\/portrait-Celie-mur-orig-1-2048x1967.jpeg 2048w\" sizes=\"auto, (max-width: 1024px) 100vw, 1024px\" \/><\/figure>\n\n\n\n<p>C\u00e9lie devant un mur en pierre. <\/p>\n\n\n\n<figure class=\"wp-block-image size-large\"><img loading=\"lazy\" decoding=\"async\" width=\"776\" height=\"1024\" src=\"https:\/\/bernardcabane.net\/wp-content\/uploads\/2025\/02\/Celie-a-16-ans-776x1024.jpeg\" alt=\"\" class=\"wp-image-212\" srcset=\"https:\/\/bernardcabane.net\/wp-content\/uploads\/2025\/02\/Celie-a-16-ans-776x1024.jpeg 776w, https:\/\/bernardcabane.net\/wp-content\/uploads\/2025\/02\/Celie-a-16-ans-227x300.jpeg 227w, https:\/\/bernardcabane.net\/wp-content\/uploads\/2025\/02\/Celie-a-16-ans-768x1014.jpeg 768w, https:\/\/bernardcabane.net\/wp-content\/uploads\/2025\/02\/Celie-a-16-ans-1164x1536.jpeg 1164w, https:\/\/bernardcabane.net\/wp-content\/uploads\/2025\/02\/Celie-a-16-ans-1552x2048.jpeg 1552w, https:\/\/bernardcabane.net\/wp-content\/uploads\/2025\/02\/Celie-a-16-ans.jpeg 1726w\" sizes=\"auto, (max-width: 776px) 100vw, 776px\" \/><\/figure>\n\n\n\n<p>Portrait de C\u00e9lie \u00e0 16 ans. <\/p>\n\n\n\n<figure class=\"wp-block-image size-large\"><img loading=\"lazy\" decoding=\"async\" width=\"686\" height=\"1024\" src=\"https:\/\/bernardcabane.net\/wp-content\/uploads\/2025\/02\/Celie-pluie-chapeau-1-686x1024.jpeg\" alt=\"\" class=\"wp-image-213\" srcset=\"https:\/\/bernardcabane.net\/wp-content\/uploads\/2025\/02\/Celie-pluie-chapeau-1-686x1024.jpeg 686w, https:\/\/bernardcabane.net\/wp-content\/uploads\/2025\/02\/Celie-pluie-chapeau-1-201x300.jpeg 201w, https:\/\/bernardcabane.net\/wp-content\/uploads\/2025\/02\/Celie-pluie-chapeau-1-768x1147.jpeg 768w, https:\/\/bernardcabane.net\/wp-content\/uploads\/2025\/02\/Celie-pluie-chapeau-1-1029x1536.jpeg 1029w, https:\/\/bernardcabane.net\/wp-content\/uploads\/2025\/02\/Celie-pluie-chapeau-1-1371x2048.jpeg 1371w, https:\/\/bernardcabane.net\/wp-content\/uploads\/2025\/02\/Celie-pluie-chapeau-1-scaled.jpeg 1714w\" sizes=\"auto, (max-width: 686px) 100vw, 686px\" \/><\/figure>\n\n\n\n<p>C\u00e9lie quelque part dans le Queyras, avec son chapeau de pluie, lors d&#8217;une de nos randonn\u00e9es. <\/p>\n\n\n\n<p><\/p>\n\n\n\n<div data-wp-interactive=\"core\/file\" class=\"wp-block-file\"><object data-wp-bind--hidden=\"!state.hasPdfPreview\" hidden class=\"wp-block-file__embed\" data=\"https:\/\/bernardcabane.net\/wp-content\/uploads\/2025\/02\/Celie-jupe-fleurie-et-Guillaume-1.pdf\" type=\"application\/pdf\" style=\"width:100%;height:600px\" aria-label=\"Embed of C\u00e9lie jupe fleurie et Guillaume.\"><\/object><a id=\"wp-block-file--media-06d478f6-6cf8-411b-a5f0-094f6b8def57\" href=\"https:\/\/bernardcabane.net\/wp-content\/uploads\/2025\/02\/Celie-jupe-fleurie-et-Guillaume-1.pdf\">C\u00e9lie jupe fleurie et Guillaume<\/a><a href=\"https:\/\/bernardcabane.net\/wp-content\/uploads\/2025\/02\/Celie-jupe-fleurie-et-Guillaume-1.pdf\" class=\"wp-block-file__button wp-element-button\" download aria-describedby=\"wp-block-file--media-06d478f6-6cf8-411b-a5f0-094f6b8def57\"><\/a><\/div>\n\n\n\n<p>C\u00e9lie et Guillaume, rue Daguerre, Paris 14e. <\/p>\n\n\n\n<div data-wp-interactive=\"core\/file\" class=\"wp-block-file\"><object data-wp-bind--hidden=\"!state.hasPdfPreview\" hidden class=\"wp-block-file__embed\" data=\"https:\/\/bernardcabane.net\/wp-content\/uploads\/2025\/02\/Celie-jupe-bleue-et-Guillaume-1.pdf\" type=\"application\/pdf\" style=\"width:100%;height:600px\" aria-label=\"PDF embed\"><\/object><a href=\"https:\/\/bernardcabane.net\/wp-content\/uploads\/2025\/02\/Celie-jupe-bleue-et-Guillaume-1.pdf\" class=\"wp-block-file__button wp-element-button\" download>T\u00e9l\u00e9charger<\/a><\/div>\n\n\n\n<p>C\u00e9lie et Guillaume, rue Daguerre, Paris, 14e. <\/p>\n\n\n\n<div data-wp-interactive=\"core\/file\" class=\"wp-block-file\"><object data-wp-bind--hidden=\"!state.hasPdfPreview\" hidden class=\"wp-block-file__embed\" data=\"https:\/\/bernardcabane.net\/wp-content\/uploads\/2025\/02\/Liliane-Celie-les-enfants-1.pdf\" type=\"application\/pdf\" style=\"width:100%;height:600px\" aria-label=\"PDF embed\"><\/object><a href=\"https:\/\/bernardcabane.net\/wp-content\/uploads\/2025\/02\/Liliane-Celie-les-enfants-1.pdf\" class=\"wp-block-file__button wp-element-button\" download>T\u00e9l\u00e9charger<\/a><\/div>\n\n\n\n<p>C\u00e9lie avec sa m\u00e8re, Liliane et les enfants.<\/p>\n\n\n\n<p>C\u00e9lie en 1964. <\/p>\n\n\n\n<div data-wp-interactive=\"core\/file\" class=\"wp-block-file\"><object data-wp-bind--hidden=\"!state.hasPdfPreview\" hidden class=\"wp-block-file__embed\" data=\"https:\/\/bernardcabane.net\/wp-content\/uploads\/2025\/03\/Celie-in-1964-1.pdf\" type=\"application\/pdf\" style=\"width:100%;height:600px\" aria-label=\"PDF embed\"><\/object><a href=\"https:\/\/bernardcabane.net\/wp-content\/uploads\/2025\/03\/Celie-in-1964-1.pdf\" class=\"wp-block-file__button wp-element-button\" download><\/a><\/div>\n\n\n\n<p><\/p>\n","protected":false},"excerpt":{"rendered":"<p>C\u00e9lie sur un sofa. Elle m&#8217;\u00e9voque mes premi\u00e8res impressions sur cette jeune femme que je d\u00e9couvre dans toutes ses diff\u00e9rences. Nous deux \u00e0 nos d\u00e9buts. Photo prise lors d&#8217;une conf\u00e9rence de psychologie. 1975. Ski de fond dans la vall\u00e9e de N\u00e9vache (Brian\u00e7onnais). C\u00e9lie devant un mur en pierre. Portrait de C\u00e9lie \u00e0 16 ans. C\u00e9lie [&hellip;]<\/p>\n","protected":false},"author":3,"featured_media":0,"parent":0,"menu_order":0,"comment_status":"closed","ping_status":"closed","template":"","meta":{"footnotes":""},"class_list":["post-205","page","type-page","status-publish","hentry"],"_links":{"self":[{"href":"https:\/\/bernardcabane.net\/index.php?rest_route=\/wp\/v2\/pages\/205","targetHints":{"allow":["GET"]}}],"collection":[{"href":"https:\/\/bernardcabane.net\/index.php?rest_route=\/wp\/v2\/pages"}],"about":[{"href":"https:\/\/bernardcabane.net\/index.php?rest_route=\/wp\/v2\/types\/page"}],"author":[{"embeddable":true,"href":"https:\/\/bernardcabane.net\/index.php?rest_route=\/wp\/v2\/users\/3"}],"replies":[{"embeddable":true,"href":"https:\/\/bernardcabane.net\/index.php?rest_route=%2Fwp%2Fv2%2Fcomments&post=205"}],"version-history":[{"count":5,"href":"https:\/\/bernardcabane.net\/index.php?rest_route=\/wp\/v2\/pages\/205\/revisions"}],"predecessor-version":[{"id":304,"href":"https:\/\/bernardcabane.net\/index.php?rest_route=\/wp\/v2\/pages\/205\/revisions\/304"}],"wp:attachment":[{"href":"https:\/\/bernardcabane.net\/index.php?rest_route=%2Fwp%2Fv2%2Fmedia&parent=205"}],"curies":[{"name":"wp","href":"https:\/\/api.w.org\/{rel}","templated":true}]}}