{"id":147,"date":"2025-02-11T10:15:55","date_gmt":"2025-02-11T10:15:55","guid":{"rendered":"https:\/\/bernardcabane.net\/?page_id=147"},"modified":"2025-07-14T14:03:14","modified_gmt":"2025-07-14T14:03:14","slug":"quelques-photos","status":"publish","type":"page","link":"https:\/\/bernardcabane.net\/?page_id=147","title":{"rendered":"Photos de famille"},"content":{"rendered":"\n<div data-wp-interactive=\"core\/file\" class=\"wp-block-file\"><object data-wp-bind--hidden=\"!state.hasPdfPreview\" hidden class=\"wp-block-file__embed\" data=\"https:\/\/bernardcabane.net\/wp-content\/uploads\/2025\/02\/Alice-Guillaume-et-Grd-mere-maternelle.pdf\" type=\"application\/pdf\" style=\"width:100%;height:600px\" aria-label=\"Embed of Alice Guillaume et Grd-m\u00e8re maternelle.\"><\/object><a id=\"wp-block-file--media-c06fe0b5-e70e-48d2-a715-c6138faa2c0b\" href=\"https:\/\/bernardcabane.net\/wp-content\/uploads\/2025\/02\/Alice-Guillaume-et-Grd-mere-maternelle.pdf\">Alice Guillaume et Grd-m\u00e8re maternelle<\/a><a href=\"https:\/\/bernardcabane.net\/wp-content\/uploads\/2025\/02\/Alice-Guillaume-et-Grd-mere-maternelle.pdf\" class=\"wp-block-file__button wp-element-button\" download aria-describedby=\"wp-block-file--media-c06fe0b5-e70e-48d2-a715-c6138faa2c0b\">T\u00e9l\u00e9charger<\/a><\/div>\n\n\n\n<div data-wp-interactive=\"core\/file\" class=\"wp-block-file\"><object data-wp-bind--hidden=\"!state.hasPdfPreview\" hidden class=\"wp-block-file__embed\" data=\"https:\/\/bernardcabane.net\/wp-content\/uploads\/2025\/02\/B.-Cabane-medaille-argent-CNRS-1993.pdf\" type=\"application\/pdf\" style=\"width:100%;height:600px\" aria-label=\"Embed of B. Cabane medaille argent CNRS 1993.\"><\/object><a id=\"wp-block-file--media-79bf258f-730f-40eb-b06b-919add920193\" href=\"https:\/\/bernardcabane.net\/wp-content\/uploads\/2025\/02\/B.-Cabane-medaille-argent-CNRS-1993.pdf\">B. Cabane medaille argent CNRS 1993<\/a><a href=\"https:\/\/bernardcabane.net\/wp-content\/uploads\/2025\/02\/B.-Cabane-medaille-argent-CNRS-1993.pdf\" class=\"wp-block-file__button wp-element-button\" download aria-describedby=\"wp-block-file--media-79bf258f-730f-40eb-b06b-919add920193\">T\u00e9l\u00e9charger<\/a><\/div>\n\n\n\n<div data-wp-interactive=\"core\/file\" class=\"wp-block-file\"><object data-wp-bind--hidden=\"!state.hasPdfPreview\" hidden class=\"wp-block-file__embed\" data=\"https:\/\/bernardcabane.net\/wp-content\/uploads\/2025\/02\/Celie-cancer.pdf\" type=\"application\/pdf\" style=\"width:100%;height:600px\" aria-label=\"Embed of C\u00e9lie cancer.\"><\/object><a id=\"wp-block-file--media-33e3a23e-586a-4948-8697-b1b06095a0f4\" href=\"https:\/\/bernardcabane.net\/wp-content\/uploads\/2025\/02\/Celie-cancer.pdf\">C\u00e9lie cancer<\/a><a href=\"https:\/\/bernardcabane.net\/wp-content\/uploads\/2025\/02\/Celie-cancer.pdf\" class=\"wp-block-file__button wp-element-button\" download aria-describedby=\"wp-block-file--media-33e3a23e-586a-4948-8697-b1b06095a0f4\">T\u00e9l\u00e9charger<\/a><\/div>\n\n\n\n<div data-wp-interactive=\"core\/file\" class=\"wp-block-file\"><object data-wp-bind--hidden=\"!state.hasPdfPreview\" hidden class=\"wp-block-file__embed\" data=\"https:\/\/bernardcabane.net\/wp-content\/uploads\/2025\/02\/Celie-Guillaume-Alice.pdf\" type=\"application\/pdf\" style=\"width:100%;height:600px\" aria-label=\"Embed of C\u00e9lie Guillaume Alice.\"><\/object><a id=\"wp-block-file--media-b798e82c-0a91-425d-8d93-9acc243a4c06\" href=\"https:\/\/bernardcabane.net\/wp-content\/uploads\/2025\/02\/Celie-Guillaume-Alice.pdf\">C\u00e9lie Guillaume Alice<\/a><a href=\"https:\/\/bernardcabane.net\/wp-content\/uploads\/2025\/02\/Celie-Guillaume-Alice.pdf\" class=\"wp-block-file__button wp-element-button\" download aria-describedby=\"wp-block-file--media-b798e82c-0a91-425d-8d93-9acc243a4c06\">T\u00e9l\u00e9charger<\/a><\/div>\n\n\n\n<div data-wp-interactive=\"core\/file\" class=\"wp-block-file\"><object data-wp-bind--hidden=\"!state.hasPdfPreview\" hidden class=\"wp-block-file__embed\" data=\"https:\/\/bernardcabane.net\/wp-content\/uploads\/2025\/02\/Celie-jupe-bleue-et-Guillaume.pdf\" type=\"application\/pdf\" style=\"width:100%;height:600px\" aria-label=\"Embed of Celie jupe bleue et Guillaume.\"><\/object><a id=\"wp-block-file--media-9a4c4c56-a1a1-4f2b-8340-3f0ecdf4227e\" href=\"https:\/\/bernardcabane.net\/wp-content\/uploads\/2025\/02\/Celie-jupe-bleue-et-Guillaume.pdf\">Celie jupe bleue et Guillaume<\/a><a href=\"https:\/\/bernardcabane.net\/wp-content\/uploads\/2025\/02\/Celie-jupe-bleue-et-Guillaume.pdf\" class=\"wp-block-file__button wp-element-button\" download aria-describedby=\"wp-block-file--media-9a4c4c56-a1a1-4f2b-8340-3f0ecdf4227e\">T\u00e9l\u00e9charger<\/a><\/div>\n\n\n\n<div data-wp-interactive=\"core\/file\" class=\"wp-block-file\"><object data-wp-bind--hidden=\"!state.hasPdfPreview\" hidden class=\"wp-block-file__embed\" data=\"https:\/\/bernardcabane.net\/wp-content\/uploads\/2025\/02\/Celie-jupe-fleurie-et-Guillaume.pdf\" type=\"application\/pdf\" style=\"width:100%;height:600px\" aria-label=\"Embed of C\u00e9lie jupe fleurie et Guillaume.\"><\/object><a id=\"wp-block-file--media-1bf92b51-978f-49a7-988f-78c7b34ff54e\" href=\"https:\/\/bernardcabane.net\/wp-content\/uploads\/2025\/02\/Celie-jupe-fleurie-et-Guillaume.pdf\">C\u00e9lie jupe fleurie et Guillaume<\/a><a href=\"https:\/\/bernardcabane.net\/wp-content\/uploads\/2025\/02\/Celie-jupe-fleurie-et-Guillaume.pdf\" class=\"wp-block-file__button wp-element-button\" download aria-describedby=\"wp-block-file--media-1bf92b51-978f-49a7-988f-78c7b34ff54e\">T\u00e9l\u00e9charger<\/a><\/div>\n\n\n\n<div data-wp-interactive=\"core\/file\" class=\"wp-block-file\"><object data-wp-bind--hidden=\"!state.hasPdfPreview\" hidden class=\"wp-block-file__embed\" data=\"https:\/\/bernardcabane.net\/wp-content\/uploads\/2025\/02\/Liliane-Celie-les-enfants.pdf\" type=\"application\/pdf\" style=\"width:100%;height:600px\" aria-label=\"Embed of Liliane-C\u00e9lie-les enfants.\"><\/object><a id=\"wp-block-file--media-49dd15cb-e855-46ef-be14-9c547edfdaad\" href=\"https:\/\/bernardcabane.net\/wp-content\/uploads\/2025\/02\/Liliane-Celie-les-enfants.pdf\">Liliane-C\u00e9lie-les enfants<\/a><a href=\"https:\/\/bernardcabane.net\/wp-content\/uploads\/2025\/02\/Liliane-Celie-les-enfants.pdf\" class=\"wp-block-file__button wp-element-button\" download aria-describedby=\"wp-block-file--media-49dd15cb-e855-46ef-be14-9c547edfdaad\">T\u00e9l\u00e9charger<\/a><\/div>\n\n\n\n<div data-wp-interactive=\"core\/file\" class=\"wp-block-file\"><object data-wp-bind--hidden=\"!state.hasPdfPreview\" hidden class=\"wp-block-file__embed\" data=\"https:\/\/bernardcabane.net\/wp-content\/uploads\/2025\/02\/mars-1948-Bernard-Cabane-et-son-pere-Gerard.pdf\" type=\"application\/pdf\" style=\"width:100%;height:600px\" aria-label=\"Embed of mars 1948 Bernard Cabane et son p\u00e8re G\u00e9rard.\"><\/object><a id=\"wp-block-file--media-330ded32-d93d-4e33-97d1-8ff68a6f0467\" href=\"https:\/\/bernardcabane.net\/wp-content\/uploads\/2025\/02\/mars-1948-Bernard-Cabane-et-son-pere-Gerard.pdf\">mars 1948 Bernard Cabane et son p\u00e8re G\u00e9rard<\/a><a href=\"https:\/\/bernardcabane.net\/wp-content\/uploads\/2025\/02\/mars-1948-Bernard-Cabane-et-son-pere-Gerard.pdf\" class=\"wp-block-file__button wp-element-button\" download aria-describedby=\"wp-block-file--media-330ded32-d93d-4e33-97d1-8ff68a6f0467\">T\u00e9l\u00e9charger<\/a><\/div>\n\n\n\n<div data-wp-interactive=\"core\/file\" class=\"wp-block-file\"><object data-wp-bind--hidden=\"!state.hasPdfPreview\" hidden class=\"wp-block-file__embed\" data=\"https:\/\/bernardcabane.net\/wp-content\/uploads\/2025\/02\/mere-de-Bernard-1990-Talloires-37-ans.pdf\" type=\"application\/pdf\" style=\"width:100%;height:600px\" aria-label=\"Embed of mere de Bernard 1990 Talloires 37 ans.\"><\/object><a id=\"wp-block-file--media-4dd4c8b0-19a7-48cd-b1e7-e73d72d9aa37\" href=\"https:\/\/bernardcabane.net\/wp-content\/uploads\/2025\/02\/mere-de-Bernard-1990-Talloires-37-ans.pdf\">mere de Bernard 1990 Talloires 37 ans<\/a><a href=\"https:\/\/bernardcabane.net\/wp-content\/uploads\/2025\/02\/mere-de-Bernard-1990-Talloires-37-ans.pdf\" class=\"wp-block-file__button wp-element-button\" download aria-describedby=\"wp-block-file--media-4dd4c8b0-19a7-48cd-b1e7-e73d72d9aa37\">T\u00e9l\u00e9charger<\/a><\/div>\n\n\n\n<div data-wp-interactive=\"core\/file\" class=\"wp-block-file\"><object data-wp-bind--hidden=\"!state.hasPdfPreview\" hidden class=\"wp-block-file__embed\" data=\"https:\/\/bernardcabane.net\/wp-content\/uploads\/2025\/02\/Rue-Daguerre-vue-de-lappartement.pdf\" type=\"application\/pdf\" style=\"width:100%;height:600px\" aria-label=\"Embed of Rue Daguerre vue de l&apos;appartement.\"><\/object><a id=\"wp-block-file--media-cf9ff0cc-d150-4f91-9e59-a44675f39ce0\" href=\"https:\/\/bernardcabane.net\/wp-content\/uploads\/2025\/02\/Rue-Daguerre-vue-de-lappartement.pdf\">Rue Daguerre vue de l&#8217;appartement<\/a><a href=\"https:\/\/bernardcabane.net\/wp-content\/uploads\/2025\/02\/Rue-Daguerre-vue-de-lappartement.pdf\" class=\"wp-block-file__button wp-element-button\" download aria-describedby=\"wp-block-file--media-cf9ff0cc-d150-4f91-9e59-a44675f39ce0\">T\u00e9l\u00e9charger<\/a><\/div>\n\n\n\n<div class=\"wp-block-cover\"><img loading=\"lazy\" decoding=\"async\" width=\"928\" height=\"1024\" class=\"wp-block-cover__image-background wp-image-175\" alt=\"\" src=\"https:\/\/bernardcabane.net\/wp-content\/uploads\/2025\/02\/aliceguillaume-928x1024.jpeg\" data-object-fit=\"cover\" srcset=\"https:\/\/bernardcabane.net\/wp-content\/uploads\/2025\/02\/aliceguillaume-928x1024.jpeg 928w, https:\/\/bernardcabane.net\/wp-content\/uploads\/2025\/02\/aliceguillaume-272x300.jpeg 272w, https:\/\/bernardcabane.net\/wp-content\/uploads\/2025\/02\/aliceguillaume-768x848.jpeg 768w, https:\/\/bernardcabane.net\/wp-content\/uploads\/2025\/02\/aliceguillaume-1392x1536.jpeg 1392w, https:\/\/bernardcabane.net\/wp-content\/uploads\/2025\/02\/aliceguillaume-1855x2048.jpeg 1855w\" sizes=\"auto, (max-width: 928px) 100vw, 928px\" \/><span aria-hidden=\"true\" class=\"wp-block-cover__background has-background-dim\"><\/span><div class=\"wp-block-cover__inner-container is-layout-flow wp-block-cover-is-layout-flow\">\n<p class=\"has-text-align-center has-large-font-size\"><\/p>\n<\/div><\/div>\n\n\n\n<p>Alice et Guillaume<\/p>\n\n\n\n<figure class=\"wp-block-image size-full\"><img loading=\"lazy\" decoding=\"async\" width=\"249\" height=\"387\" src=\"https:\/\/bernardcabane.net\/wp-content\/uploads\/2025\/02\/Cele-talking-to-alice-at-a-table-1.jpeg\" alt=\"\" class=\"wp-image-177\" srcset=\"https:\/\/bernardcabane.net\/wp-content\/uploads\/2025\/02\/Cele-talking-to-alice-at-a-table-1.jpeg 249w, https:\/\/bernardcabane.net\/wp-content\/uploads\/2025\/02\/Cele-talking-to-alice-at-a-table-1-193x300.jpeg 193w\" sizes=\"auto, (max-width: 249px) 100vw, 249px\" \/><\/figure>\n\n\n\n<p>Cette photo est interessante car on voit Guillaume qui se projette dans l&#8217;espace visuel de C\u00e9lie et d&#8217;Alice, qui sont dans leur bulle, en pleine conversation, en anglais. <\/p>\n\n\n\n<figure class=\"wp-block-image size-large\"><img loading=\"lazy\" decoding=\"async\" width=\"1024\" height=\"724\" src=\"https:\/\/bernardcabane.net\/wp-content\/uploads\/2025\/02\/Celie-Alice-baby-conversation-1024x724.jpeg\" alt=\"\" class=\"wp-image-179\" srcset=\"https:\/\/bernardcabane.net\/wp-content\/uploads\/2025\/02\/Celie-Alice-baby-conversation-1024x724.jpeg 1024w, https:\/\/bernardcabane.net\/wp-content\/uploads\/2025\/02\/Celie-Alice-baby-conversation-300x212.jpeg 300w, https:\/\/bernardcabane.net\/wp-content\/uploads\/2025\/02\/Celie-Alice-baby-conversation-768x543.jpeg 768w, https:\/\/bernardcabane.net\/wp-content\/uploads\/2025\/02\/Celie-Alice-baby-conversation-1536x1085.jpeg 1536w, https:\/\/bernardcabane.net\/wp-content\/uploads\/2025\/02\/Celie-Alice-baby-conversation-2048x1447.jpeg 2048w\" sizes=\"auto, (max-width: 1024px) 100vw, 1024px\" \/><\/figure>\n\n\n\n<p>C\u00e9lie qui parle \u00e0 son b\u00e9b\u00e9 (Alice), en anglais.<\/p>\n\n\n\n<figure class=\"wp-block-image size-full\"><img loading=\"lazy\" decoding=\"async\" width=\"323\" height=\"364\" src=\"https:\/\/bernardcabane.net\/wp-content\/uploads\/2025\/02\/bernard-and-alice-reading.jpeg\" alt=\"\" class=\"wp-image-180\" srcset=\"https:\/\/bernardcabane.net\/wp-content\/uploads\/2025\/02\/bernard-and-alice-reading.jpeg 323w, https:\/\/bernardcabane.net\/wp-content\/uploads\/2025\/02\/bernard-and-alice-reading-266x300.jpeg 266w\" sizes=\"auto, (max-width: 323px) 100vw, 323px\" \/><\/figure>\n\n\n\n<p>Alice et moi nous lisant r\u00e9ciproquement une histoire. <\/p>\n\n\n\n<figure class=\"wp-block-image size-large\"><img loading=\"lazy\" decoding=\"async\" width=\"776\" height=\"1024\" src=\"https:\/\/bernardcabane.net\/wp-content\/uploads\/2025\/03\/Mikr-Celie-lynn1958-59-e-kids-orig-776x1024.jpeg\" alt=\"\" class=\"wp-image-305\" srcset=\"https:\/\/bernardcabane.net\/wp-content\/uploads\/2025\/03\/Mikr-Celie-lynn1958-59-e-kids-orig-776x1024.jpeg 776w, https:\/\/bernardcabane.net\/wp-content\/uploads\/2025\/03\/Mikr-Celie-lynn1958-59-e-kids-orig-227x300.jpeg 227w, https:\/\/bernardcabane.net\/wp-content\/uploads\/2025\/03\/Mikr-Celie-lynn1958-59-e-kids-orig-768x1014.jpeg 768w, https:\/\/bernardcabane.net\/wp-content\/uploads\/2025\/03\/Mikr-Celie-lynn1958-59-e-kids-orig-1164x1536.jpeg 1164w, https:\/\/bernardcabane.net\/wp-content\/uploads\/2025\/03\/Mikr-Celie-lynn1958-59-e-kids-orig-1552x2048.jpeg 1552w, https:\/\/bernardcabane.net\/wp-content\/uploads\/2025\/03\/Mikr-Celie-lynn1958-59-e-kids-orig.jpeg 1726w\" sizes=\"auto, (max-width: 776px) 100vw, 776px\" \/><\/figure>\n\n\n\n<p>C\u00e9lie, Mike et Lynn. <\/p>\n\n\n\n<figure class=\"wp-block-image size-large\"><img loading=\"lazy\" decoding=\"async\" width=\"724\" height=\"1024\" src=\"https:\/\/bernardcabane.net\/wp-content\/uploads\/2025\/03\/BCA-old-time-like-724x1024.jpeg\" alt=\"\" class=\"wp-image-306\" srcset=\"https:\/\/bernardcabane.net\/wp-content\/uploads\/2025\/03\/BCA-old-time-like-724x1024.jpeg 724w, https:\/\/bernardcabane.net\/wp-content\/uploads\/2025\/03\/BCA-old-time-like-212x300.jpeg 212w, https:\/\/bernardcabane.net\/wp-content\/uploads\/2025\/03\/BCA-old-time-like-768x1086.jpeg 768w, https:\/\/bernardcabane.net\/wp-content\/uploads\/2025\/03\/BCA-old-time-like-1087x1536.jpeg 1087w, https:\/\/bernardcabane.net\/wp-content\/uploads\/2025\/03\/BCA-old-time-like-1449x2048.jpeg 1449w, https:\/\/bernardcabane.net\/wp-content\/uploads\/2025\/03\/BCA-old-time-like.jpeg 1654w\" sizes=\"auto, (max-width: 724px) 100vw, 724px\" \/><\/figure>\n\n\n\n<p>C\u00e9lie, Bernard, Alice.<\/p>\n\n\n\n<figure class=\"wp-block-image size-full\"><img loading=\"lazy\" decoding=\"async\" width=\"371\" height=\"882\" src=\"https:\/\/bernardcabane.net\/wp-content\/uploads\/2025\/03\/Alice-buste-sexy.jpg\" alt=\"\" class=\"wp-image-307\" srcset=\"https:\/\/bernardcabane.net\/wp-content\/uploads\/2025\/03\/Alice-buste-sexy.jpg 371w, https:\/\/bernardcabane.net\/wp-content\/uploads\/2025\/03\/Alice-buste-sexy-126x300.jpg 126w\" sizes=\"auto, (max-width: 371px) 100vw, 371px\" \/><\/figure>\n\n\n\n<p>C\u00e9lie \u00e0 New-York.<\/p>\n\n\n\n<figure class=\"wp-block-image size-large\"><img loading=\"lazy\" decoding=\"async\" width=\"1024\" height=\"768\" src=\"https:\/\/bernardcabane.net\/wp-content\/uploads\/2025\/03\/IMG_0674-1024x768.jpg\" alt=\"\" class=\"wp-image-315\" srcset=\"https:\/\/bernardcabane.net\/wp-content\/uploads\/2025\/03\/IMG_0674-1024x768.jpg 1024w, https:\/\/bernardcabane.net\/wp-content\/uploads\/2025\/03\/IMG_0674-300x225.jpg 300w, https:\/\/bernardcabane.net\/wp-content\/uploads\/2025\/03\/IMG_0674-768x576.jpg 768w, https:\/\/bernardcabane.net\/wp-content\/uploads\/2025\/03\/IMG_0674-1536x1152.jpg 1536w, https:\/\/bernardcabane.net\/wp-content\/uploads\/2025\/03\/IMG_0674-2048x1536.jpg 2048w\" sizes=\"auto, (max-width: 1024px) 100vw, 1024px\" \/><\/figure>\n\n\n\n<figure class=\"wp-block-image size-large\"><img loading=\"lazy\" decoding=\"async\" width=\"1024\" height=\"768\" src=\"https:\/\/bernardcabane.net\/wp-content\/uploads\/2025\/03\/IMG_0642-1024x768.jpg\" alt=\"\" class=\"wp-image-316\" srcset=\"https:\/\/bernardcabane.net\/wp-content\/uploads\/2025\/03\/IMG_0642-1024x768.jpg 1024w, https:\/\/bernardcabane.net\/wp-content\/uploads\/2025\/03\/IMG_0642-300x225.jpg 300w, https:\/\/bernardcabane.net\/wp-content\/uploads\/2025\/03\/IMG_0642-768x576.jpg 768w, https:\/\/bernardcabane.net\/wp-content\/uploads\/2025\/03\/IMG_0642-1536x1152.jpg 1536w, https:\/\/bernardcabane.net\/wp-content\/uploads\/2025\/03\/IMG_0642-2048x1536.jpg 2048w\" sizes=\"auto, (max-width: 1024px) 100vw, 1024px\" \/><\/figure>\n\n\n\n<p>Bernard, C\u00e9lie et Ernest (fils de Guillaume et de Marine)<\/p>\n\n\n\n<figure class=\"wp-block-image size-large\"><img loading=\"lazy\" decoding=\"async\" width=\"1024\" height=\"768\" src=\"https:\/\/bernardcabane.net\/wp-content\/uploads\/2025\/03\/IMG_0641-1024x768.jpg\" alt=\"\" class=\"wp-image-317\" srcset=\"https:\/\/bernardcabane.net\/wp-content\/uploads\/2025\/03\/IMG_0641-1024x768.jpg 1024w, https:\/\/bernardcabane.net\/wp-content\/uploads\/2025\/03\/IMG_0641-300x225.jpg 300w, https:\/\/bernardcabane.net\/wp-content\/uploads\/2025\/03\/IMG_0641-768x576.jpg 768w, https:\/\/bernardcabane.net\/wp-content\/uploads\/2025\/03\/IMG_0641-1536x1152.jpg 1536w, https:\/\/bernardcabane.net\/wp-content\/uploads\/2025\/03\/IMG_0641-2048x1536.jpg 2048w\" sizes=\"auto, (max-width: 1024px) 100vw, 1024px\" \/><\/figure>\n\n\n\n<p>Bernard, C\u00e9lie et Ernest ; jardin du Luxembourg. <\/p>\n\n\n\n<figure class=\"wp-block-image size-large\"><img loading=\"lazy\" decoding=\"async\" width=\"1024\" height=\"768\" src=\"https:\/\/bernardcabane.net\/wp-content\/uploads\/2025\/03\/IMG_0645-1024x768.jpg\" alt=\"\" class=\"wp-image-319\" srcset=\"https:\/\/bernardcabane.net\/wp-content\/uploads\/2025\/03\/IMG_0645-1024x768.jpg 1024w, https:\/\/bernardcabane.net\/wp-content\/uploads\/2025\/03\/IMG_0645-300x225.jpg 300w, https:\/\/bernardcabane.net\/wp-content\/uploads\/2025\/03\/IMG_0645-768x576.jpg 768w, https:\/\/bernardcabane.net\/wp-content\/uploads\/2025\/03\/IMG_0645-1536x1152.jpg 1536w, https:\/\/bernardcabane.net\/wp-content\/uploads\/2025\/03\/IMG_0645-2048x1536.jpg 2048w\" sizes=\"auto, (max-width: 1024px) 100vw, 1024px\" \/><\/figure>\n\n\n\n<p>Bernard et C\u00e9lie avec Ernest<\/p>\n\n\n\n<figure class=\"wp-block-image size-large\"><img loading=\"lazy\" decoding=\"async\" width=\"1024\" height=\"768\" src=\"https:\/\/bernardcabane.net\/wp-content\/uploads\/2025\/03\/IMG_0046-1024x768.jpg\" alt=\"\" class=\"wp-image-327\" srcset=\"https:\/\/bernardcabane.net\/wp-content\/uploads\/2025\/03\/IMG_0046-1024x768.jpg 1024w, https:\/\/bernardcabane.net\/wp-content\/uploads\/2025\/03\/IMG_0046-300x225.jpg 300w, https:\/\/bernardcabane.net\/wp-content\/uploads\/2025\/03\/IMG_0046-768x576.jpg 768w, https:\/\/bernardcabane.net\/wp-content\/uploads\/2025\/03\/IMG_0046-1536x1152.jpg 1536w, https:\/\/bernardcabane.net\/wp-content\/uploads\/2025\/03\/IMG_0046-2048x1536.jpg 2048w\" sizes=\"auto, (max-width: 1024px) 100vw, 1024px\" \/><\/figure>\n\n\n\n<p>La m\u00e8re de Marine, C\u00e9lie portant Ernest, le p\u00e8re de Marine, Bernard. <\/p>\n\n\n\n<figure class=\"wp-block-image size-large\"><img loading=\"lazy\" decoding=\"async\" width=\"1024\" height=\"768\" src=\"https:\/\/bernardcabane.net\/wp-content\/uploads\/2025\/03\/IMG_0048-1024x768.jpg\" alt=\"\" class=\"wp-image-330\" srcset=\"https:\/\/bernardcabane.net\/wp-content\/uploads\/2025\/03\/IMG_0048-1024x768.jpg 1024w, https:\/\/bernardcabane.net\/wp-content\/uploads\/2025\/03\/IMG_0048-300x225.jpg 300w, https:\/\/bernardcabane.net\/wp-content\/uploads\/2025\/03\/IMG_0048-768x576.jpg 768w, https:\/\/bernardcabane.net\/wp-content\/uploads\/2025\/03\/IMG_0048-1536x1152.jpg 1536w, https:\/\/bernardcabane.net\/wp-content\/uploads\/2025\/03\/IMG_0048-2048x1536.jpg 2048w\" sizes=\"auto, (max-width: 1024px) 100vw, 1024px\" \/><\/figure>\n\n\n\n<p>Marine, Guillaume et leur premier enfant enfant : Ernest.<\/p>\n\n\n\n<figure class=\"wp-block-image size-large\"><img loading=\"lazy\" decoding=\"async\" width=\"1024\" height=\"768\" src=\"https:\/\/bernardcabane.net\/wp-content\/uploads\/2025\/03\/IMG_0318-1024x768.jpg\" alt=\"\" class=\"wp-image-331\" srcset=\"https:\/\/bernardcabane.net\/wp-content\/uploads\/2025\/03\/IMG_0318-1024x768.jpg 1024w, https:\/\/bernardcabane.net\/wp-content\/uploads\/2025\/03\/IMG_0318-300x225.jpg 300w, https:\/\/bernardcabane.net\/wp-content\/uploads\/2025\/03\/IMG_0318-768x576.jpg 768w, https:\/\/bernardcabane.net\/wp-content\/uploads\/2025\/03\/IMG_0318-1536x1152.jpg 1536w, https:\/\/bernardcabane.net\/wp-content\/uploads\/2025\/03\/IMG_0318-2048x1536.jpg 2048w\" sizes=\"auto, (max-width: 1024px) 100vw, 1024px\" \/><\/figure>\n\n\n\n<p>Marine, C\u00e9lie et Ernest.<\/p>\n\n\n\n<p><\/p>\n\n\n\n<figure class=\"wp-block-image size-large is-resized\"><img loading=\"lazy\" decoding=\"async\" width=\"753\" height=\"1024\" src=\"https:\/\/bernardcabane.net\/wp-content\/uploads\/2025\/07\/Fox-family-1-2-753x1024.jpeg\" alt=\"\" class=\"wp-image-377\" style=\"width:494px;height:auto\" srcset=\"https:\/\/bernardcabane.net\/wp-content\/uploads\/2025\/07\/Fox-family-1-2-753x1024.jpeg 753w, https:\/\/bernardcabane.net\/wp-content\/uploads\/2025\/07\/Fox-family-1-2-221x300.jpeg 221w, https:\/\/bernardcabane.net\/wp-content\/uploads\/2025\/07\/Fox-family-1-2-768x1044.jpeg 768w, https:\/\/bernardcabane.net\/wp-content\/uploads\/2025\/07\/Fox-family-1-2-1129x1536.jpeg 1129w, https:\/\/bernardcabane.net\/wp-content\/uploads\/2025\/07\/Fox-family-1-2.jpeg 1500w\" sizes=\"auto, (max-width: 753px) 100vw, 753px\" \/><\/figure>\n\n\n\n<p>C\u00e9lie, Bernard, Lynn (soeur de C\u00e9lie) \/ Irving (p\u00e8re de C\u00e9lie), Lilian (m\u00e8re de C\u00e9lie) \/ Alice &#8211; Olivia, Guillaume. <\/p>\n\n\n\n<figure class=\"wp-block-image size-large\"><img loading=\"lazy\" decoding=\"async\" width=\"686\" height=\"1024\" src=\"https:\/\/bernardcabane.net\/wp-content\/uploads\/2025\/07\/olivia-hugs-guillaume-686x1024.jpeg\" alt=\"\" class=\"wp-image-379\" srcset=\"https:\/\/bernardcabane.net\/wp-content\/uploads\/2025\/07\/olivia-hugs-guillaume-686x1024.jpeg 686w, https:\/\/bernardcabane.net\/wp-content\/uploads\/2025\/07\/olivia-hugs-guillaume-201x300.jpeg 201w, https:\/\/bernardcabane.net\/wp-content\/uploads\/2025\/07\/olivia-hugs-guillaume-768x1147.jpeg 768w, https:\/\/bernardcabane.net\/wp-content\/uploads\/2025\/07\/olivia-hugs-guillaume-1029x1536.jpeg 1029w, https:\/\/bernardcabane.net\/wp-content\/uploads\/2025\/07\/olivia-hugs-guillaume-1371x2048.jpeg 1371w, https:\/\/bernardcabane.net\/wp-content\/uploads\/2025\/07\/olivia-hugs-guillaume-scaled.jpeg 1714w\" sizes=\"auto, (max-width: 686px) 100vw, 686px\" \/><\/figure>\n\n\n\n<p>Guillaume et Alice (Olivia) <\/p>\n\n\n\n<figure class=\"wp-block-image size-large\"><img loading=\"lazy\" decoding=\"async\" width=\"680\" height=\"1024\" src=\"https:\/\/bernardcabane.net\/wp-content\/uploads\/2025\/07\/how-many-candles-680x1024.jpeg\" alt=\"\" class=\"wp-image-381\" srcset=\"https:\/\/bernardcabane.net\/wp-content\/uploads\/2025\/07\/how-many-candles-680x1024.jpeg 680w, https:\/\/bernardcabane.net\/wp-content\/uploads\/2025\/07\/how-many-candles-199x300.jpeg 199w, https:\/\/bernardcabane.net\/wp-content\/uploads\/2025\/07\/how-many-candles-768x1157.jpeg 768w, https:\/\/bernardcabane.net\/wp-content\/uploads\/2025\/07\/how-many-candles-1020x1536.jpeg 1020w, https:\/\/bernardcabane.net\/wp-content\/uploads\/2025\/07\/how-many-candles-1360x2048.jpeg 1360w, https:\/\/bernardcabane.net\/wp-content\/uploads\/2025\/07\/how-many-candles-scaled.jpeg 1699w\" sizes=\"auto, (max-width: 680px) 100vw, 680px\" \/><\/figure>\n\n\n\n<p>Alice souffle ses bougies, avec Guillaume.<\/p>\n\n\n\n<figure class=\"wp-block-image size-large\"><img loading=\"lazy\" decoding=\"async\" width=\"679\" height=\"1024\" src=\"https:\/\/bernardcabane.net\/wp-content\/uploads\/2025\/07\/walk-in-the-creek--679x1024.jpeg\" alt=\"\" class=\"wp-image-383\" srcset=\"https:\/\/bernardcabane.net\/wp-content\/uploads\/2025\/07\/walk-in-the-creek--679x1024.jpeg 679w, https:\/\/bernardcabane.net\/wp-content\/uploads\/2025\/07\/walk-in-the-creek--199x300.jpeg 199w, https:\/\/bernardcabane.net\/wp-content\/uploads\/2025\/07\/walk-in-the-creek--768x1159.jpeg 768w, https:\/\/bernardcabane.net\/wp-content\/uploads\/2025\/07\/walk-in-the-creek--1018x1536.jpeg 1018w, https:\/\/bernardcabane.net\/wp-content\/uploads\/2025\/07\/walk-in-the-creek--1357x2048.jpeg 1357w, https:\/\/bernardcabane.net\/wp-content\/uploads\/2025\/07\/walk-in-the-creek--scaled.jpeg 1697w\" sizes=\"auto, (max-width: 679px) 100vw, 679px\" \/><\/figure>\n\n\n\n<p>Alice et Guillaume au bord d&#8217;un ruisseau <\/p>\n\n\n\n<p><\/p>\n","protected":false},"excerpt":{"rendered":"<p>Alice et Guillaume Cette photo est interessante car on voit Guillaume qui se projette dans l&#8217;espace visuel de C\u00e9lie et d&#8217;Alice, qui sont dans leur bulle, en pleine conversation, en anglais. C\u00e9lie qui parle \u00e0 son b\u00e9b\u00e9 (Alice), en anglais. Alice et moi nous lisant r\u00e9ciproquement une histoire. C\u00e9lie, Mike et Lynn. C\u00e9lie, Bernard, Alice. [&hellip;]<\/p>\n","protected":false},"author":3,"featured_media":0,"parent":0,"menu_order":0,"comment_status":"closed","ping_status":"closed","template":"","meta":{"footnotes":""},"class_list":["post-147","page","type-page","status-publish","hentry"],"_links":{"self":[{"href":"https:\/\/bernardcabane.net\/index.php?rest_route=\/wp\/v2\/pages\/147","targetHints":{"allow":["GET"]}}],"collection":[{"href":"https:\/\/bernardcabane.net\/index.php?rest_route=\/wp\/v2\/pages"}],"about":[{"href":"https:\/\/bernardcabane.net\/index.php?rest_route=\/wp\/v2\/types\/page"}],"author":[{"embeddable":true,"href":"https:\/\/bernardcabane.net\/index.php?rest_route=\/wp\/v2\/users\/3"}],"replies":[{"embeddable":true,"href":"https:\/\/bernardcabane.net\/index.php?rest_route=%2Fwp%2Fv2%2Fcomments&post=147"}],"version-history":[{"count":5,"href":"https:\/\/bernardcabane.net\/index.php?rest_route=\/wp\/v2\/pages\/147\/revisions"}],"predecessor-version":[{"id":384,"href":"https:\/\/bernardcabane.net\/index.php?rest_route=\/wp\/v2\/pages\/147\/revisions\/384"}],"wp:attachment":[{"href":"https:\/\/bernardcabane.net\/index.php?rest_route=%2Fwp%2Fv2%2Fmedia&parent=147"}],"curies":[{"name":"wp","href":"https:\/\/api.w.org\/{rel}","templated":true}]}}